NOAA-style Climate Reports

2019: Jan | Feb | Mar | Apr | May | Jun | Jul | Aug | Sep | Oct | Nov | Dec 
2018: Jan | Feb | Mar | Apr | May | Jun | Jul | Aug | Sep | Oct | Nov | Dec 
2017: Jan | Feb | Mar | Apr | May | Jun | Jul | Aug | Sep | Oct | Nov | Dec 
2016: Jan | Feb | Mar | Apr | May | Jun | Jul | Aug | Sep | Oct | Nov | Dec 
2015: Jan | Feb | Mar | Apr | May | Jun | Jul | Aug | Sep | Oct | Nov | Dec 
2014: Jan | Feb | Mar | Apr | May | Jun | Jul | Aug | Sep | Oct | Nov | Dec 
2013: Jan | Feb | Mar | Apr | May | Jun | Jul | Aug | Sep | Oct | Nov | Dec 
2012: Jan | Feb | Mar | Apr | May | Jun | Jul | Aug | Sep | Oct | Nov | Dec 
2011: Jan | Feb | Mar | Apr | May | Jun | Jul | Aug | Sep | Oct | Nov | Dec 
2010: Jan | Feb | Mar | Apr | May | Jun | Jul | Aug | Sep | Oct | Nov | Dec 
2009: Jan | Feb | Mar | Apr | May | Jun | Jul | Aug | Sep | Oct | Nov | Dec 
2008: Jan | Feb | Mar | Apr | May | Jun | Jul | Aug | Sep | Oct | Nov | Dec 
2007: Jan | Feb | Mar | Apr | May | Jun | Jul | Aug | Sep | Oct | Nov | Dec 
2006: Jan | Feb | Mar | Apr | May | Jun | Jul | Aug | Sep | Oct | Nov | Dec 

Report for 2007 05
MONTHLY CLIMATOLOGICAL SUMMARY for MAY. 2007 NAME: Station #1 CITY: Rauma STATE: Finland ELEV: 16 m LAT: 61 08' 38" N LONG: 21 31' 26" E TEMPERATURE (C), RAIN (mm), WIND SPEED (m/s) HEAT COOL AVG MEAN DEG DEG WIND DOM DAY TEMP HIGH TIME LOW TIME DAYS DAYS RAIN SPEED HIGH TIME DIR ------------------------------------------------------------------------------------ 1 2.1 6.8 13:00 -5.3 6:30 16.2 0.0 0.0 0.8 6.3 16:00 SW 2 6.7 10.8 13:00 3.7 00:00 11.6 0.0 0.0 1.7 9.8 13:30 NW 3 4.2 8.8 13:30 -2.0 6:00 14.1 0.0 0.0 0.5 4.9 13:30 N 4 5.2 8.7 12:00 1.4 5:30 13.2 0.0 0.0 1.1 6.7 15:00 NW 5 5.3 10.2 14:00 0.3 3:30 13.0 0.0 1.2 1.6 9.4 23:00 S 6 10.9 17.0 15:30 6.4 5:30 7.4 0.0 0.0 2.4 13.0 17:00 S 7 9.9 16.1 13:00 6.3 00:00 8.4 0.0 1.8 2.1 8.9 11:30 SE 8 9.3 14.2 16:00 4.1 5:00 9.0 0.0 0.2 1.4 8.0 16:30 SSE 9 6.1 11.3 12:00 2.8 3:00 12.2 0.0 0.0 0.9 7.2 16:30 SE 10 6.4 10.3 20:00 0.5 5:30 11.9 0.0 0.0 0.9 5.4 13:30 NW 11 5.7 12.4 11:00 -1.9 5:30 12.6 0.0 0.0 0.8 6.7 12:30 NW 12 6.7 12.4 12:00 -0.4 4:00 11.6 0.0 0.0 0.8 5.4 14:30 NW 13 9.2 16.2 13:30 1.0 4:30 9.1 0.0 0.0 1.3 7.2 11:00 ESE 14 9.8 12.5 14:30 6.1 3:30 8.5 0.0 8.0 2.5 11.2 14:30 SE 15 10.9 13.7 16:00 8.4 00:00 7.4 0.0 0.4 2.2 10.3 18:00 SW 16 8.7 11.9 18:30 6.6 6:00 9.6 0.0 0.0 2.5 11.2 14:00 SW 17 8.9 14.1 17:00 1.3 6:00 9.4 0.0 0.0 0.7 4.9 1:00 WNW 18 10.4 16.1 15:30 3.1 1:30 7.9 0.0 0.0 1.0 8.0 19:00 S 19 11.4 17.8 16:30 8.7 5:00 6.9 0.0 3.8 3.5 15.2 16:00 SSE 20 13.6 18.2 18:00 9.1 6:00 4.8 0.0 0.0 2.5 12.1 14:30 S 21 12.6 16.4 14:30 6.9 3:00 5.7 0.0 2.2 1.2 7.6 9:00 SW 22 11.6 15.2 16:30 8.7 4:00 6.7 0.0 7.0 0.9 7.2 15:00 ESE 23 9.1 11.5 19:00 4.2 00:00 9.3 0.0 0.2 0.8 6.3 10:00 SW 24 10.2 17.0 17:30 2.4 3:00 8.1 0.0 2.6 1.6 8.9 14:00 SW 25 13.8 17.1 16:30 11.1 3:30 4.5 0.0 0.8 1.7 8.9 17:00 S 26 13.8 17.8 17:30 10.5 00:00 4.4 0.0 0.0 1.1 7.2 6:00 SW 27 13.7 18.3 17:00 9.2 3:00 4.6 0.0 0.0 0.5 4.0 17:30 SW 28 15.6 18.2 19:30 11.1 4:30 2.7 0.0 3.6 0.5 5.4 15:00 NE 29 16.4 18.3 13:00 14.3 00:00 1.9 0.0 6.8 1.3 8.5 19:30 ENE 30 15.3 17.9 18:30 13.4 6:00 2.9 0.0 0.0 0.8 7.2 0:30 ESE 31 16.2 20.2 18:30 13.3 3:30 2.3 0.2 0.0 0.5 7.6 18:00 NW ------------------------------------------------------------------------------------- 10.0 20.2 31 -5.3 1 257.7 0.2 38.6 1.4 15.2 19 SW Max >= 32.0: 0 Max <= 0.0: 0 Min <= 0.0: 4 Min <= -18.0: 0 Max Rain: 8.00 ON 14.05.07 Days of Rain: 13 (> .2 mm) 7 (> 2 mm) 0 (> 20 mm) Heat Base: 18.3 Cool Base: 18.3 Method: Integration