NOAA-style Climate Reports

2019: Jan | Feb | Mar | Apr | May | Jun | Jul | Aug | Sep | Oct | Nov | Dec 
2018: Jan | Feb | Mar | Apr | May | Jun | Jul | Aug | Sep | Oct | Nov | Dec 
2017: Jan | Feb | Mar | Apr | May | Jun | Jul | Aug | Sep | Oct | Nov | Dec 
2016: Jan | Feb | Mar | Apr | May | Jun | Jul | Aug | Sep | Oct | Nov | Dec 
2015: Jan | Feb | Mar | Apr | May | Jun | Jul | Aug | Sep | Oct | Nov | Dec 
2014: Jan | Feb | Mar | Apr | May | Jun | Jul | Aug | Sep | Oct | Nov | Dec 
2013: Jan | Feb | Mar | Apr | May | Jun | Jul | Aug | Sep | Oct | Nov | Dec 
2012: Jan | Feb | Mar | Apr | May | Jun | Jul | Aug | Sep | Oct | Nov | Dec 
2011: Jan | Feb | Mar | Apr | May | Jun | Jul | Aug | Sep | Oct | Nov | Dec 
2010: Jan | Feb | Mar | Apr | May | Jun | Jul | Aug | Sep | Oct | Nov | Dec 
2009: Jan | Feb | Mar | Apr | May | Jun | Jul | Aug | Sep | Oct | Nov | Dec 
2008: Jan | Feb | Mar | Apr | May | Jun | Jul | Aug | Sep | Oct | Nov | Dec 
2007: Jan | Feb | Mar | Apr | May | Jun | Jul | Aug | Sep | Oct | Nov | Dec 
2006: Jan | Feb | Mar | Apr | May | Jun | Jul | Aug | Sep | Oct | Nov | Dec 

Report for 2007 04
MONTHLY CLIMATOLOGICAL SUMMARY for APR. 2007 NAME: Station #1 CITY: Rauma STATE: Finland ELEV: 16 m LAT: 61 08' 38" N LONG: 21 31' 26" E TEMPERATURE (C), RAIN (mm), WIND SPEED (m/s) HEAT COOL AVG MEAN DEG DEG WIND DOM DAY TEMP HIGH TIME LOW TIME DAYS DAYS RAIN SPEED HIGH TIME DIR ------------------------------------------------------------------------------------ 1 1.4 6.3 17:30 -5.2 7:30 16.8 0.0 0.0 0.8 6.7 22:30 WNW 2 5.1 7.4 12:00 2.7 8:00 13.3 0.0 0.0 1.2 7.6 16:00 WNW 3 2.3 4.9 11:30 -3.7 00:00 16.0 0.0 0.0 1.7 9.8 17:00 NW 4 0.4 7.2 18:30 -8.4 7:00 17.9 0.0 0.0 2.0 12.5 15:30 S 5 4.5 6.2 6:00 2.6 23:30 13.8 0.0 0.0 2.7 13.0 11:00 WNW 6 2.6 3.8 17:00 1.1 2:30 15.7 0.0 0.0 3.1 14.3 15:00 NW 7 1.8 3.9 18:00 0.4 6:30 16.5 0.0 0.0 2.6 12.5 9:00 WNW 8 0.9 3.4 15:00 -1.9 00:00 17.4 0.0 0.0 1.3 6.3 4:30 NW 9 -0.2 4.8 13:30 -5.7 7:00 18.4 0.0 0.0 0.8 7.2 14:00 SE 10 1.8 7.1 16:30 -3.1 1:30 16.5 0.0 0.0 2.0 11.6 22:00 S 11 5.1 7.7 15:30 2.2 0:30 13.2 0.0 0.0 2.9 13.0 3:00 S 12 3.8 6.2 16:30 0.3 23:30 14.4 0.0 0.0 2.0 11.2 2:00 NW 13 5.4 10.7 18:30 -1.4 2:30 12.9 0.0 0.0 0.4 4.9 14:00 W 14 6.9 12.7 16:00 1.0 4:00 11.3 0.0 0.0 0.7 5.8 14:00 NW 15 7.4 17.6 13:30 1.1 3:30 10.8 0.0 0.0 0.6 5.8 13:30 W 16 9.9 18.5 18:00 -0.1 6:00 8.4 0.0 0.0 1.3 10.3 15:30 S 17 6.9 11.2 15:00 -0.6 00:00 11.4 0.0 0.0 0.9 5.4 15:00 NW 18 2.2 6.4 11:00 -3.4 6:30 16.1 0.0 0.0 1.2 8.0 15:00 NW 19 3.4 9.1 13:30 -2.2 6:30 14.9 0.0 2.2 2.1 14.3 14:00 SE 20 2.6 3.0 9:30 2.1 13:00 15.8 0.0 7.8 2.2 11.2 22:30 NW 21 2.8 5.2 18:00 0.9 9:00 15.5 0.0 1.6 3.4 17.0 5:30 NW 22 4.7 9.0 17:30 -1.1 6:30 13.6 0.0 0.0 1.0 7.2 20:00 NW 23 4.8 6.7 17:00 2.8 6:00 13.5 0.0 1.0 1.4 6.7 4:30 SE 24 8.9 14.6 16:00 5.2 7:30 9.4 0.0 0.2 0.4 4.9 16:30 W 25 8.4 14.1 19:30 5.3 6:00 9.9 0.0 0.2 1.4 6.7 3:00 S 26 13.3 19.4 17:00 7.4 00:00 5.1 0.0 1.6 1.5 9.8 18:30 SW 27 8.4 12.5 14:00 4.3 6:30 9.9 0.0 0.2 1.5 7.2 13:30 NW 28 5.5 7.9 0:30 1.6 00:00 12.8 0.0 0.0 2.0 9.8 12:30 NW 29 3.9 7.8 17:30 -2.6 4:30 14.4 0.0 0.0 1.3 8.9 20:00 NW 30 2.3 5.1 17:30 -0.7 6:00 16.0 0.0 0.0 1.8 8.5 11:30 NW ------------------------------------------------------------------------------------- 4.6 19.4 26 -8.4 4 411.8 0.0 14.8 1.6 17.0 21 NW Max >= 32.0: 0 Max <= 0.0: 0 Min <= 0.0: 14 Min <= -18.0: 0 Max Rain: 7.80 ON 20.04.07 Days of Rain: 8 (> .2 mm) 2 (> 2 mm) 0 (> 20 mm) Heat Base: 18.3 Cool Base: 18.3 Method: Integration