NOAA-style Climate Reports

2019: Jan | Feb | Mar | Apr | May | Jun | Jul | Aug | Sep | Oct | Nov | Dec 
2018: Jan | Feb | Mar | Apr | May | Jun | Jul | Aug | Sep | Oct | Nov | Dec 
2017: Jan | Feb | Mar | Apr | May | Jun | Jul | Aug | Sep | Oct | Nov | Dec 
2016: Jan | Feb | Mar | Apr | May | Jun | Jul | Aug | Sep | Oct | Nov | Dec 
2015: Jan | Feb | Mar | Apr | May | Jun | Jul | Aug | Sep | Oct | Nov | Dec 
2014: Jan | Feb | Mar | Apr | May | Jun | Jul | Aug | Sep | Oct | Nov | Dec 
2013: Jan | Feb | Mar | Apr | May | Jun | Jul | Aug | Sep | Oct | Nov | Dec 
2012: Jan | Feb | Mar | Apr | May | Jun | Jul | Aug | Sep | Oct | Nov | Dec 
2011: Jan | Feb | Mar | Apr | May | Jun | Jul | Aug | Sep | Oct | Nov | Dec 
2010: Jan | Feb | Mar | Apr | May | Jun | Jul | Aug | Sep | Oct | Nov | Dec 
2009: Jan | Feb | Mar | Apr | May | Jun | Jul | Aug | Sep | Oct | Nov | Dec 
2008: Jan | Feb | Mar | Apr | May | Jun | Jul | Aug | Sep | Oct | Nov | Dec 
2007: Jan | Feb | Mar | Apr | May | Jun | Jul | Aug | Sep | Oct | Nov | Dec 
2006: Jan | Feb | Mar | Apr | May | Jun | Jul | Aug | Sep | Oct | Nov | Dec 

Report for 2007 02
MONTHLY CLIMATOLOGICAL SUMMARY for FEB. 2007 NAME: Station #1 CITY: Rauma STATE: Finland ELEV: 16 m LAT: 61 08' 38" N LONG: 21 31' 26" E TEMPERATURE (C), RAIN (mm), WIND SPEED (m/s) HEAT COOL AVG MEAN DEG DEG WIND DOM DAY TEMP HIGH TIME LOW TIME DAYS DAYS RAIN SPEED HIGH TIME DIR ------------------------------------------------------------------------------------ 1 -1.8 0.5 16:00 -5.9 00:00 20.1 0.0 0.0 0.1 2.7 14:30 ESE 2 -0.9 1.9 23:30 -5.9 0:30 19.2 0.0 1.8 0.8 5.8 12:30 S 3 2.3 3.8 13:00 1.3 00:00 16.0 0.0 5.8 1.7 6.7 11:00 NW 4 1.6 3.9 12:30 -0.2 5:30 16.8 0.0 1.0 0.8 5.4 16:30 WNW 5 -4.3 0.9 0:30 -9.5 00:00 22.6 0.0 0.0 0.4 5.8 23:00 ENE 6 -17.6 -9.5 0:30 -24.1 00:00 35.9 0.0 0.0 0.5 5.4 0:30 NE 7 -17.8 -11.5 16:00 -24.4 1:00 36.1 0.0 0.0 0.5 4.0 16:00 ESE 8 -13.2 -7.2 15:30 -17.6 9:00 31.5 0.0 0.0 0.7 4.0 1:00 ESE 9 -16.1 -10.7 14:30 -19.8 00:00 34.4 0.0 0.0 0.2 4.5 13:30 ENE 10 -14.6 -6.3 23:00 -23.0 8:00 32.9 0.0 0.0 0.8 4.9 17:00 ESE 11 -3.1 -0.6 15:30 -6.3 0:30 21.4 0.0 0.0 1.3 6.3 7:30 S 12 -6.0 -3.0 14:30 -10.2 23:30 24.3 0.0 0.0 1.2 7.6 15:30 ESE 13 -7.1 -5.3 15:30 -9.6 0:30 25.3 0.0 0.0 0.9 4.9 1:00 ESE 14 -5.6 -3.7 15:30 -7.7 8:00 23.9 0.0 0.0 0.6 3.1 11:00 ESE 15 -3.6 -1.1 17:30 -6.5 8:30 21.9 0.0 0.0 0.8 4.5 18:30 ESE 16 -1.2 1.6 00:00 -3.2 1:30 19.5 0.0 0.0 1.5 8.9 19:00 S 17 2.2 3.7 13:30 0.6 7:30 16.1 0.0 1.0 3.1 13.0 16:00 S 18 -0.6 2.4 0:30 -7.3 00:00 18.9 0.0 0.0 1.4 10.3 1:30 NW 19 -10.0 -7.3 0:30 -12.7 8:30 28.3 0.0 0.0 0.4 4.0 1:00 NE 20 -14.7 -11.6 0:30 -19.4 00:00 33.0 0.0 0.0 0.6 4.9 12:00 NE 21 -17.6 -10.7 16:00 -21.6 7:00 35.9 0.0 0.0 0.2 3.1 10:30 ENE 22 -16.3 -10.0 16:00 -21.0 8:00 34.7 0.0 0.0 0.7 7.2 14:30 NE 23 -14.7 -7.3 15:30 -21.4 8:00 33.0 0.0 0.0 0.9 6.3 16:30 SE 24 -8.2 -4.8 15:00 -12.4 0:30 26.5 0.0 0.0 2.5 10.3 15:00 ESE 25 -5.8 -1.6 16:30 -8.6 00:00 24.1 0.0 0.0 2.1 8.9 7:30 ESE 26 -5.4 -3.8 14:00 -8.9 0:30 23.8 0.0 0.0 1.2 6.3 15:30 ESE 27 -6.9 -4.4 15:00 -11.3 8:00 25.2 0.0 0.0 0.5 4.5 12:00 ENE 28 -4.5 -2.1 15:30 -8.6 5:00 22.8 0.0 0.0 0.7 4.5 22:00 ESE ------------------------------------------------------------------------------------- -7.5 3.9 4 -24.4 7 723.9 0.0 9.6 1.0 13.0 17 ESE Max >= 32.0: 0 Max <= 0.0: 20 Min <= 0.0: 26 Min <= -18.0: 8 Max Rain: 5.79 ON 03.02.07 Days of Rain: 4 (> .2 mm) 1 (> 2 mm) 0 (> 20 mm) Heat Base: 18.3 Cool Base: 18.3 Method: Integration