NOAA-style Climate Reports

2019: Jan | Feb | Mar | Apr | May | Jun | Jul | Aug | Sep | Oct | Nov | Dec 
2018: Jan | Feb | Mar | Apr | May | Jun | Jul | Aug | Sep | Oct | Nov | Dec 
2017: Jan | Feb | Mar | Apr | May | Jun | Jul | Aug | Sep | Oct | Nov | Dec 
2016: Jan | Feb | Mar | Apr | May | Jun | Jul | Aug | Sep | Oct | Nov | Dec 
2015: Jan | Feb | Mar | Apr | May | Jun | Jul | Aug | Sep | Oct | Nov | Dec 
2014: Jan | Feb | Mar | Apr | May | Jun | Jul | Aug | Sep | Oct | Nov | Dec 
2013: Jan | Feb | Mar | Apr | May | Jun | Jul | Aug | Sep | Oct | Nov | Dec 
2012: Jan | Feb | Mar | Apr | May | Jun | Jul | Aug | Sep | Oct | Nov | Dec 
2011: Jan | Feb | Mar | Apr | May | Jun | Jul | Aug | Sep | Oct | Nov | Dec 
2010: Jan | Feb | Mar | Apr | May | Jun | Jul | Aug | Sep | Oct | Nov | Dec 
2009: Jan | Feb | Mar | Apr | May | Jun | Jul | Aug | Sep | Oct | Nov | Dec 
2008: Jan | Feb | Mar | Apr | May | Jun | Jul | Aug | Sep | Oct | Nov | Dec 
2007: Jan | Feb | Mar | Apr | May | Jun | Jul | Aug | Sep | Oct | Nov | Dec 
2006: Jan | Feb | Mar | Apr | May | Jun | Jul | Aug | Sep | Oct | Nov | Dec 

Report for 2007 01
MONTHLY CLIMATOLOGICAL SUMMARY for JAN. 2007 NAME: Station #1 CITY: Rauma STATE: Finland ELEV: 16 m LAT: 61 08' 38" N LONG: 21 31' 26" E TEMPERATURE (C), RAIN (mm), WIND SPEED (m/s) HEAT COOL AVG MEAN DEG DEG WIND DOM DAY TEMP HIGH TIME LOW TIME DAYS DAYS RAIN SPEED HIGH TIME DIR ------------------------------------------------------------------------------------ 1 3.0 5.1 16:30 0.0 4:30 15.3 0.0 4.0 1.5 8.0 13:00 SE 2 3.2 5.0 0:30 1.8 19:00 15.1 0.0 3.8 0.9 8.0 10:00 NW 3 2.6 4.3 3:30 -0.2 00:00 15.7 0.0 0.4 1.6 9.4 11:00 NW 4 3.7 6.4 21:30 -0.4 0:30 14.6 0.0 6.0 2.5 9.4 13:00 S 5 3.4 6.3 0:30 1.4 22:30 14.9 0.0 2.4 1.4 8.9 1:30 WNW 6 0.8 2.4 1:30 -1.4 11:00 17.5 0.0 0.0 0.2 3.1 0:30 SE 7 2.2 4.4 23:30 0.4 5:00 16.1 0.0 0.0 1.4 6.3 14:30 SSE 8 5.6 6.7 18:30 4.1 1:00 12.7 0.0 4.8 2.9 12.1 21:00 S 9 5.4 8.6 00:00 3.7 9:30 12.8 0.0 11.8 3.5 15.2 21:00 S 10 4.6 8.8 2:30 -1.2 20:30 13.7 0.0 0.0 2.3 15.2 2:30 WNW 11 -1.4 1.3 4:00 -4.7 21:00 19.7 0.0 0.0 0.4 5.4 13:00 NW 12 -4.4 -0.8 00:00 -6.1 17:30 22.7 0.0 0.0 0.8 7.2 23:00 ENE 13 0.5 1.8 21:00 -0.8 0:30 17.8 0.0 0.0 0.9 7.2 2:30 ESE 14 0.4 2.2 18:00 -2.4 2:30 17.9 0.0 2.0 1.4 10.7 10:00 ESE 15 0.6 3.9 00:00 -3.4 9:00 17.7 0.0 3.6 1.1 8.0 18:00 NW 16 4.8 6.6 10:30 3.3 00:00 13.5 0.0 1.0 2.8 15.6 11:00 S 17 1.9 3.5 1:30 -1.1 20:30 16.4 0.0 0.0 1.7 12.5 2:00 WNW 18 1.8 4.3 8:30 -0.5 0:30 16.5 0.0 12.6 1.9 13.0 12:00 W 19 -1.3 0.5 1:30 -3.2 23:30 19.7 0.0 0.0 1.3 6.3 7:00 NW 20 -6.2 -3.2 2:00 -9.3 18:30 24.5 0.0 0.0 0.4 5.4 3:30 NW 21 -7.4 -5.1 14:00 -10.9 00:00 25.7 0.0 0.0 0.9 6.7 6:00 ENE 22 -12.2 -10.2 14:00 -15.1 00:00 30.5 0.0 0.0 0.1 2.7 0:30 NE 23 -8.9 -4.8 22:30 -15.9 2:00 27.2 0.0 0.0 0.7 5.4 10:30 SE 24 -7.4 -4.6 4:30 -10.6 00:00 25.7 0.0 0.0 0.4 4.0 15:30 N 25 -9.8 -2.2 00:00 -16.3 9:00 28.1 0.0 0.0 1.3 13.4 00:00 NE 26 -0.7 1.2 15:30 -3.3 23:30 19.0 0.0 0.0 1.9 13.4 2:30 SSW 27 -4.4 -2.1 1:00 -6.2 15:00 22.7 0.0 0.0 1.8 11.2 10:30 NW 28 -7.9 -3.7 14:00 -17.2 23:30 26.2 0.0 0.0 0.7 8.5 1:30 NW 29 -7.6 -0.9 13:00 -19.1 3:00 25.9 0.0 0.0 0.8 7.6 11:30 NW 30 -8.1 -3.3 14:30 -13.2 10:00 26.4 0.0 0.0 0.3 5.8 00:00 SE 31 -2.0 0.5 14:30 -5.6 0:30 20.3 0.0 0.0 1.4 6.7 4:00 ESE ------------------------------------------------------------------------------------- -1.5 8.8 10 -19.1 29 612.5 0.0 52.4 1.3 15.6 16 NW Max >= 32.0: 0 Max <= 0.0: 11 Min <= 0.0: 25 Min <= -18.0: 1 Max Rain: 12.60 ON 18.01.07 Days of Rain: 11 (> .2 mm) 9 (> 2 mm) 0 (> 20 mm) Heat Base: 18.3 Cool Base: 18.3 Method: Integration