NOAA-style Climate Reports

2018: Jan | Feb | Mar | Apr | May | Jun | Jul | Aug | Sep | Oct | Nov | Dec 
2017: Jan | Feb | Mar | Apr | May | Jun | Jul | Aug | Sep | Oct | Nov | Dec 
2016: Jan | Feb | Mar | Apr | May | Jun | Jul | Aug | Sep | Oct | Nov | Dec 
2015: Jan | Feb | Mar | Apr | May | Jun | Jul | Aug | Sep | Oct | Nov | Dec 
2014: Jan | Feb | Mar | Apr | May | Jun | Jul | Aug | Sep | Oct | Nov | Dec 
2013: Jan | Feb | Mar | Apr | May | Jun | Jul | Aug | Sep | Oct | Nov | Dec 
2012: Jan | Feb | Mar | Apr | May | Jun | Jul | Aug | Sep | Oct | Nov | Dec 
2011: Jan | Feb | Mar | Apr | May | Jun | Jul | Aug | Sep | Oct | Nov | Dec 
2010: Jan | Feb | Mar | Apr | May | Jun | Jul | Aug | Sep | Oct | Nov | Dec 
2009: Jan | Feb | Mar | Apr | May | Jun | Jul | Aug | Sep | Oct | Nov | Dec 
2008: Jan | Feb | Mar | Apr | May | Jun | Jul | Aug | Sep | Oct | Nov | Dec 
2007: Jan | Feb | Mar | Apr | May | Jun | Jul | Aug | Sep | Oct | Nov | Dec 
2006: Jan | Feb | Mar | Apr | May | Jun | Jul | Aug | Sep | Oct | Nov | Dec 

Report for 2018 12
MONTHLY CLIMATOLOGICAL SUMMARY for DEC. 2018 NAME: Station #1 CITY: Rauma STATE: Finland ELEV: 16 m LAT: 61 08' 38" N LONG: 21 31' 26" E TEMPERATURE (C), RAIN (mm), WIND SPEED (m/s) HEAT COOL AVG MEAN DEG DEG WIND DOM DAY TEMP HIGH TIME LOW TIME DAYS DAYS RAIN SPEED HIGH TIME DIR ------------------------------------------------------------------------------------ 1 2.1 3.9 4:00 -0.2 00:00 16.2 0.0 0.4 3.0 14.8 7:00 SSE 2 0.2 1.3 21:00 -0.5 7:30 18.1 0.0 0.0 1.0 8.9 1:30 SE 3 -0.2 1.1 0:30 -1.1 20:00 18.5 0.0 0.0 1.0 8.5 6:00 SE 4 3.3 5.5 17:30 -0.3 0:30 15.0 0.0 3.8 0.7 7.6 3:30 SE 5 2.1 3.1 0:30 1.1 8:00 16.2 0.0 6.0 0.9 10.3 9:30 NW 6 0.7 2.5 13:00 -2.9 18:00 17.2 0.0 0.0 0.0 4.5 0:30 W 7 0.2 1.5 8:30 -1.3 2:30 18.1 0.0 0.8 0.4 6.3 11:30 SE 8 2.3 4.9 23:30 0.4 0:30 16.0 0.0 2.8 1.3 8.5 14:00 SE 9 5.2 5.9 16:30 3.8 1:00 13.2 0.0 11.8 1.9 11.2 6:30 SSE 10 2.3 3.9 0:30 1.1 18:00 16.0 0.0 3.6 0.3 8.0 0:30 SE 11 0.9 1.4 11:00 0.1 23:00 17.4 0.0 0.0 0.0 1.8 11:00 E 12 -0.1 0.8 14:00 -0.8 23:00 18.4 0.0 0.0 0.0 0.9 0:30 WNW 13 -2.4 -0.6 0:30 -4.2 8:30 20.7 0.0 0.0 0.0 3.1 17:00 SE 14 -3.8 -2.7 0:30 -4.8 15:30 22.2 0.0 0.0 0.0 2.7 19:30 SSE 15 -4.2 -3.5 16:30 -4.7 5:30 22.5 0.0 0.0 0.0 3.1 7:30 SE 16 -3.6 -2.4 8:30 -4.6 0:30 21.9 0.0 0.0 0.3 7.2 19:30 SE 17 -1.2 -0.1 00:00 -3.8 0:30 19.5 0.0 0.0 0.2 5.4 10:30 SE 18 -1.1 0.2 2:00 -1.9 18:30 19.4 0.0 0.0 0.0 3.1 13:00 SE 19 -1.2 -1.0 3:30 -1.6 0:30 9.8 0.0 0.0 0.0 2.7 1:00 S 20 21 22 23 24 25 26 27 28 29 30 31 ------------------------------------------------------------------------------------- 0.1 5.9 9 -4.8 14 335.9 0.0 29.2 0.6 14.8 1 SE Max >= 32.0: 0 Max <= 0.0: 6 Min <= 0.0: 14 Min <= -18.0: 0 Max Rain: 11.81 ON 09.12.18 Days of Rain: 7 (> .2 mm) 5 (> 2 mm) 0 (> 20 mm) Heat Base: 18.3 Cool Base: 18.3 Method: Integration