NOAA-style Climate Reports

2019: Jan | Feb | Mar | Apr | May | Jun | Jul | Aug | Sep | Oct | Nov | Dec 
2018: Jan | Feb | Mar | Apr | May | Jun | Jul | Aug | Sep | Oct | Nov | Dec 
2017: Jan | Feb | Mar | Apr | May | Jun | Jul | Aug | Sep | Oct | Nov | Dec 
2016: Jan | Feb | Mar | Apr | May | Jun | Jul | Aug | Sep | Oct | Nov | Dec 
2015: Jan | Feb | Mar | Apr | May | Jun | Jul | Aug | Sep | Oct | Nov | Dec 
2014: Jan | Feb | Mar | Apr | May | Jun | Jul | Aug | Sep | Oct | Nov | Dec 
2013: Jan | Feb | Mar | Apr | May | Jun | Jul | Aug | Sep | Oct | Nov | Dec 
2012: Jan | Feb | Mar | Apr | May | Jun | Jul | Aug | Sep | Oct | Nov | Dec 
2011: Jan | Feb | Mar | Apr | May | Jun | Jul | Aug | Sep | Oct | Nov | Dec 
2010: Jan | Feb | Mar | Apr | May | Jun | Jul | Aug | Sep | Oct | Nov | Dec 
2009: Jan | Feb | Mar | Apr | May | Jun | Jul | Aug | Sep | Oct | Nov | Dec 
2008: Jan | Feb | Mar | Apr | May | Jun | Jul | Aug | Sep | Oct | Nov | Dec 
2007: Jan | Feb | Mar | Apr | May | Jun | Jul | Aug | Sep | Oct | Nov | Dec 
2006: Jan | Feb | Mar | Apr | May | Jun | Jul | Aug | Sep | Oct | Nov | Dec 

Report for 2019 04
MONTHLY CLIMATOLOGICAL SUMMARY for APR. 2019 NAME: Station #1 CITY: Rauma STATE: Finland ELEV: 16 m LAT: 61 08' 38" N LONG: 21 31' 26" E TEMPERATURE (C), RAIN (mm), WIND SPEED (m/s) HEAT COOL AVG MEAN DEG DEG WIND DOM DAY TEMP HIGH TIME LOW TIME DAYS DAYS RAIN SPEED HIGH TIME DIR ------------------------------------------------------------------------------------ 1 2.6 5.3 18:30 0.4 8:00 15.8 0.0 0.0 0.7 8.0 16:30 NW 2 4.2 8.7 15:00 0.2 7:30 14.1 0.0 0.0 1.6 12.5 15:30 SSW 3 5.5 11.6 13:30 -0.6 7:00 12.8 0.0 0.0 1.4 12.5 14:30 SSE 4 8.1 13.0 15:00 1.6 00:00 10.2 0.0 0.0 1.6 11.6 14:00 SSE 5 2.4 5.2 13:30 -0.7 2:00 15.9 0.0 2.0 0.0 9.4 5:30 SSE 6 7.0 15.1 16:00 0.1 2:30 11.3 0.0 0.0 0.9 13.4 21:00 SE 7 3.3 7.8 14:00 0.2 21:00 15.0 0.0 2.8 0.3 8.5 15:30 SE 8 0.2 0.9 8:30 -0.3 20:00 18.1 0.0 2.8 0.1 3.1 14:00 NW 9 -0.3 0.6 15:30 -1.7 00:00 18.7 0.0 2.6 0.1 4.5 18:30 NNW 10 -1.8 0.4 15:00 -4.7 00:00 20.1 0.0 1.4 0.0 5.4 16:30 NNW 11 -1.8 2.2 15:00 -7.4 7:30 20.1 0.0 0.2 0.2 4.5 17:00 NW 12 -0.1 6.6 15:00 -6.7 7:00 18.4 0.0 0.0 0.1 5.8 12:00 NW 13 1.8 9.0 16:00 -4.6 3:30 16.5 0.0 0.0 0.1 30.8 12:00 SE 14 2.3 8.1 11:30 -3.1 2:00 16.0 0.0 0.0 0.1 7.6 15:00 NW 15 2.9 11.2 13:30 -4.6 6:30 15.4 0.0 0.0 0.1 5.4 13:30 NW 16 5.8 13.4 12:30 -2.2 4:30 12.5 0.0 0.0 0.2 35.8 12:30 NW 17 5.0 14.1 12:30 -2.8 7:00 13.3 0.0 0.0 0.0 6.3 13:30 NW 18 5.2 13.9 19:00 -4.1 7:00 13.1 0.0 0.0 0.1 3.1 13:30 WSW 19 6.1 13.6 14:30 -1.9 6:30 12.2 0.0 0.0 0.0 4.9 15:30 WSW 20 6.3 12.4 17:30 0.7 3:00 12.0 0.0 0.0 0.0 5.4 13:30 WSW 21 8.1 14.1 14:30 0.4 1:30 10.2 0.0 0.0 1.4 9.4 11:00 SSE 22 11.0 14.7 15:30 7.4 0:30 7.3 0.0 0.0 2.1 12.5 13:30 SSW 23 12.4 19.4 17:00 4.9 5:00 6.0 0.1 0.0 1.0 8.9 9:30 S 24 25 26 27 28 29 30 ------------------------------------------------------------------------------------- 4.2 19.4 23 -7.4 11 325.0 0.1 11.8 0.5 35.8 16 NW Max >= 32.0: 0 Max <= 0.0: 0 Min <= 0.0: 14 Min <= -18.0: 0 Max Rain: 2.79 ON 07.04.19 Days of Rain: 6 (> .2 mm) 4 (> 2 mm) 0 (> 20 mm) Heat Base: 18.3 Cool Base: 18.3 Method: Integration